 98. Calculate the highest common divisor of h and 40.
20
Let j = 9354 + -4018. Calculate the highest common factor of j and 29.
29
Let s(u) = 71*u - 712. Let t be s(26). Calculate the highest common factor of t and 42.
42
Suppose 2*x + 10 = 50. Let c = -9415 + 9555. Calculate the highest common divisor of c and x.
20
Suppose -67*o + 1770 = -13*o - 11622. What is the highest common factor of o and 2046?
62
Let g(j) = j + 69. Let i be g(-9). Let d = -1 - -6. Suppose 0 = d*f - 8*f + 120. What is the highest common divisor of f and i?
20
Let k(p) = -p**2 + 13*p. Let s be k(13). Suppose s = -0*j + 8*j - 24. Let g be 10/8*6*22/j. What is the highest common divisor of 22 and g?
11
Let z be (-12 + (-462)/(-35))/((-5)/(-250)). What is the highest common divisor of z and 7308?
12
Suppose -15*r + 1104 = -171. Calculate the greatest common factor of 8279 and r.
17
Let i = -303 - -359. Suppose -55*f - 189 = -i*f. Suppose -3*b = 2*b - 105. Calculate the greatest common factor of b and f.
21
Let d(l) = 94*l**2 + 42*l + 428. Let x be d(-12). Calculate the greatest common divisor of 20 and x.
20
Let y(z) = z + 2. Let k be y(1). Suppose -w - 4 = r, 7*r - 4*w = k*r + 24. Let h be 44/(-11)*r/(-2) + 10. Calculate the highest common divisor of h and 9.
3
Suppose 6639 + 2398 = 18*q - 521. What is the highest common divisor of 27 and q?
9
Let k be 272/4*(-238)/(-28). Let o = 42 + k. Calculate the highest common divisor of 62 and o.
62
Let s be (-2)/(246/(-242) - -1). Suppose -609*x + 614*x = -4*i + 109, 0 = -4*i + 2*x + 18. What is the greatest common divisor of i and s?
11
Suppose 10*b = 13*b - 7941. Suppose 5*a = 2*s + b, 4*a - 5*a + 535 = s. What is the greatest common divisor of 59 and a?
59
Suppose -139*s = -7096 - 1244. Calculate the greatest common factor of s and 1188.
12
Let q = -17780 - -17722. Suppose -4*a + 0*a = 160. Let n = a - q. What is the greatest common divisor of 36 and n?
18
Suppose -5*u = -4*x - 57032, 11419 = u + 118*x - 117*x. Calculate the highest common divisor of 90 and u.
18
Let x be (4/(-6))/(-4*(-5 + (-8284)/(-1656))). What is the greatest common divisor of 8349 and x?
69
Suppose -5*c - 3*a = -1650, 9*c + 4*a - 1650 = 4*c. Suppose 0 = -3*t - 3*p + 159, 84 = t - 4*p - 4. Calculate the highest common factor of c and t.
30
Suppose 2*l - 6*l + 201697 = 5*d, -2*d = 4*l - 201682. Calculate the greatest common factor of l and 18.
18
Let x(q) = -52*q + 65*q - 9*q**2 - 7*q**2 + 23*q**2 - 14. Let c be x(1). What is the greatest common divisor of 6 and c?
6
Let o be 2/16 + 4/((-32)/(-15)). Suppose 4*j - o*j + 346 = 0. Let s = j + 269. Calculate the highest common divisor of s and 12.
12
Let q be (-32*71*19/(-76))/(-1 - -2). What is the greatest common divisor of q and 710?
142
Suppose -5*g = -5*h, 5*h = -3*g - 6 + 30. Suppose 6*j + 300 = 390. What is the greatest common divisor of j and g?
3
Suppose 2*c + 2 = 4. Let r(l) = l - 31. Let s be r(12). Let j(t) = -t - 10. Let i be j(s). Calculate the highest common divisor of i and c.
1
Let u be 2 + 112/(-52) - 1416/(-78). Suppose 4*h = 14*q - 10*q - 20, -1 = 4*q + 3*h. Calculate the highest common factor of u and q.
2
Let d be (-1 - 4)*336/(-10). Let m(l) = -l**2 - 11*l - 3. Let v be 12/(3 - 0) + -7. Let w be m(v). What is the highest common divisor of w and d?
21
Suppose 5*p + 462 - 117 = -v, 0 = v. Let x = 161 - p. Suppose -5*m - 12*k = -9*k - 65, 0 = -k + 5. Calculate the highest common factor of m and x.
10
Let r be (-215)/(-7) + 0 + (-14)/(-49). Let o(l) = -l**2 + 7*l + 2. Let c be o(9). Let w = r + c. What is the highest common divisor of 15 and w?
15
Let w(g) = -g + 9. Let d be w(4). Let q be (20/25*d)/2. Suppose 0*t - 68 = -3*t + 2*r, 4*t - q*r - 90 = 0. Calculate the highest common divisor of t and 11.
11
Suppose -5*o + 3*t = -235, -5*o + t + 235 = -t. Let l = o - 28. Let j = 19 - -57. What is the highest common factor of j and l?
19
Suppose -206*i + 7732 + 3167 + 116409 = 0. Calculate the highest common factor of i and 18.
6
Let s(w) = 16*w**2 + 49*w + 343. Let r be s(-11). What is the greatest common divisor of r and 87?
87
Let j be 18/24*2*14. Let q = 287 + -279. Let f(r) = r**3 - 9*r**2 + 14*r - 27. Let i be f(q). Calculate the highest common divisor of i and j.
21
Let z = 22490 + -22472. What is the greatest common factor of z and 282?
6
Let f be 30/(-1 - 6/(-4)). Let b(c) = c**3 - 5*c**2 + 6*c - 16. Let h be b(-8). Let w be h/(-6) - (6 - 20/3). Calculate the highest common factor of w and f.
30
Let m be (1*(-237 + -7))/((-2)/10). Calculate the greatest common divisor of m and 100.
20
Let u(l) = l**3 + 36*l**2 - 92*l + 127. Let y be u(-38). Calculate the greatest common divisor of 343 and y.
49
Suppose -941*t - 30 = -951*t. What is the greatest common divisor of 228 and t?
3
Let y be 204/48 + -5 + (-246)/(-8). Calculate the highest common factor of 930 and y.
30
Suppose 5*g = -0*k + 3*k + 834, k = 2. Let i(o) = o**3 - 8*o**2 - 57*o - 15. Let f be i(-4). What is the highest common divisor of f and g?
21
Suppose -3 + 8 = -f. Let s(d) = -138*d - 11. Let h be s(f). Suppose 2*w - 3*w + h = 5*k, 5*w - 403 = -3*k. What is the greatest common factor of 17 and k?
17
Let b(p) = p**3 + 22*p**2 - 24*p - 23. Let r be b(-23). Suppose r = 11*a - 14*a + 546. Calculate the highest common divisor of 39 and a.
13
Let u = -62 - -68. Suppose u = j + 1. What is the greatest common factor of 25 and j?
5
Suppose m - 10 = 25. Suppose 0*a - 2*a = -5*n + m, 19 = -a + 4*n. Let f be ((-54)/a + -4)/((-1)/35). What is the greatest common factor of f and 35?
7
Let k(y) = 14*y - 436. Let u(c) = c**2 - 18*c - 56. Let z be u(22). Let g be k(z). What is the greatest common divisor of 1092 and g?
12
Suppose 40*h - 6 = 39*h. Let v(d) = 4*d**2 + d + 46. Let m be v(h). What is the greatest common factor of 28 and m?
28
Let s = 283 + -265. Suppose s*g - 840 = -10*g. Let c be (10/2)/((-1)/(-10)). Calculate the greatest common divisor of g and c.
10
Let f(u) = -14*u + 89. Let n be f(6). Suppose 0*v = 3*k + n*v - 8, 0 = -3*k + 4*v + 26. Calculate the greatest common factor of 138 and k.
6
Let q(g) = g**3 - 3*g**2 - 5*g + 7. Let h be q(4). Let t be 77/h - (26/(-6) - -5). Calculate the greatest common factor of t and 15.
5
Let f(h) = 7*h**3 + 6*h**2 - h - 177. Let q be f(4). Let p(v) = -v**3 + 8*v**2 - 6. Let d be p(6). Calculate the greatest common divisor of q and d.
33
Let i be 910 + -554 + -5*2/2. What is the greatest common divisor of 1161 and i?
27
Let r be 15 + 28/((-532)/57). What is the greatest common factor of 27 and r?
3
Suppose -2*v + 35 = -3. Let p = -12792 - -12925. Calculate the highest common factor of v and p.
19
Suppose -70 = -4*u - 0*u - m, -4*u + m = -66. Suppose 12*t + 2190 = u*t. Calculate the greatest common factor of t and 6.
6
Let k be 16/(-12)*(-255 + 0). Suppose -31*t = -21*t - k. Calculate the greatest common divisor of t and 119.
17
Let q be (-11)/(11/(-18)) + -1. Let s be (17/q)/(2/12). Suppose -3*d + s*g + 65 = g, 4*g - 110 = -3*d. What is the greatest common factor of d and 180?
30
Let s = -37 - -39. Suppose -s*d + 16 = -36. Let n be 702/9*(-1)/(-2). Calculate the highest common divisor of d and n.
13
Let p = 3430 - 2792. Calculate the highest common divisor of 88 and p.
22
Let m be (23/2)/(6/72). Let d be 16*-4*6/(-48). Let a(i) = 7*i - 33. Let f be a(d). What is the highest common divisor of m and f?
23
Let z be -3*(11/(-55) - 547/15). Suppose -71*x - 10*x = -4050. What is the greatest common factor of x and z?
10
Suppose 34364 + 23694 = 13*v. Calculate the highest common divisor of 116 and v.
58
Suppose k = t + 1508, -24*k = -21*k + 4*t - 4475. Calculate the highest common divisor of k and 38.
19
Suppose 95 = l + 4*l. Suppose 330 = -l*r + 21*r. What is the greatest common divisor of 66 and r?
33
Let q be 25/(-8)*(7 + -9)*8. Let t = -11 - -13. Suppose 25 = -a + t*a. What is the greatest common divisor of q and a?
25
Let x(h) = -8*h - 10*h - 542 + 535. Let a be 2*(1 - 2) + 1. Let z be x(a). Calculate the highest common factor of 44 and z.
11
Let y be (-4)/(-1)*5/1. Let v = -7 + y. Suppose -5*l - 21 = -2*r + v, -2*l = 0. Calculate the highest common factor of r and 85.
17
Suppose -13 = i - y - 3*y, -2*i - 14 = -5*y. Suppose -4 = -v - 2, -3*v = i*j - 192. What is the highest common factor of j and